 + 6*z(p). Let n(m) = -13*m - 5. Let t be n(-4). Suppose -17 = -5*j - t. Determine i(j).
-16
Let m(j) = j**3 - 6*j**2 - 2*j + 7. Suppose -5*v - 23 = -53. What is m(v)?
-5
Let v = -40 - -44. Let i(o) = o**2 - 2*o. Let y = 0 + 2. Let l(j) = j**2 - 3*j + 1. Let f(m) = y*i(m) - 3*l(m). Determine f(v).
1
Let m = -6 - -4. Let d(b) be the first derivative of -b**4/4 - b**3 + b**2/2 - 19. Determine d(m).
-6
Let q(v) = -v**3 + 2*v**2 - 2*v + 2. Suppose -34 = -5*c + 26. Let j be c/15*(180/(-8))/(-9). Give q(j).
-2
Let r(f) be the first derivative of -9*f**2/2 - f + 72. Determine r(1).
-10
Let y(c) = 23*c + 5 + 18*c + 23*c - 60*c - 9. Give y(4).
12
Let v(d) = -4*d - 59 + d**3 + 3*d**2 - 4*d**2 + 3*d**2 + 54. Determine v(-5).
-60
Let k be ((-30)/(-14) + 1)/((-82)/(-287)). Let f(s) = s**3 - 11*s**2 + s - 9. Determine f(k).
2
Suppose 15*g + 29 = 14. Let r(t) = -2*t**2 + 2*t**2 - 2*t - 2*t**2 - t**3 - 1. Determine r(g).
0
Let f(d) = -10*d + 6. Suppose 437*o - 40 = 427*o. What is f(o)?
-34
Let b(u) = 357*u**3 - 7*u**2 + 0*u**2 + 4 + 6*u - 358*u**3. Give b(-8).
20
Let b(u) = 2*u**2 + 40*u**3 - 39*u**3 + 22*u - 33*u + 4. What is b(-5)?
-16
Let v be 638/77 - (-2)/(-7). Let j = -27 + v. Let z = -13 - j. Let d(l) = 2*l - 8. Give d(z).
4
Let o = -625 - -625. Let b(t) be the second derivative of -1/3*t**3 + 2*t + 1/20*t**5 - 1/3*t**4 + o - t**2. Determine b(4).
-10
Let s be (16/12)/(8/12). Let c be 4/s + ((-10)/(-5) - -1). Let p(o) = -o**3 + 4*o**2 + 4*o + 7. What is p(c)?
2
Suppose 6 = 33*y - 32*y + z, y - 5*z + 6 = 0. Let k(r) = -5*r + 6. Determine k(y).
-14
Let o(t) = 3*t**2 - 4*t + 6. Suppose 1 = -4*h + 61. Let w be (18/h)/(6/(-15)). Let f(k) = -2*k**2 + 4*k - 6. Let z(m) = w*o(m) - 4*f(m). Determine z(-5).
1
Let m = 33 - 30. Suppose m*b = 2*o + 21, o = 5*b + 9 - 37. Let s(a) = a - 4. Determine s(b).
1
Let d = -55 + 60. Let c(u) = d*u + 4*u**2 - 8 - 12*u + u - 3*u**2. What is c(7)?
-1
Let z = -3 + 4. Let w(s) = -73*s + z + 81*s - s**2 + 10. Calculate w(8).
11
Let i be (2/6)/(2/42). Let n = 46 + -44. Let u(k) = 1 - 1 - 5*k + 2 + k**n - 9. What is u(i)?
7
Let u(i) = i - 28. Let k be u(21). Let a(q) = q**3 + 5*q**2 - 10*q - 9. Calculate a(k).
-37
Let r(t) = t**3 + 3*t**2 - 7*t - 5. Let o = -174 - -170. Determine r(o).
7
Let r(g) = g - 2*g**2 - 10*g**2 - 7*g + g**3 + 4*g**2 - 21 + 0*g**2. Calculate r(9).
6
Let s(v) = v**2 + 4*v + 2. Let w = 3 - 1. Let q(z) = -2*z**2 - 3*z - 1. Let t(n) = w*s(n) + 3*q(n). Determine t(1).
-4
Let s(r) = -r**3 - 4*r**2 - r + 4. Suppose v - 45 = -4*a, -3*a - 5*v + 55 = -0*v. Suppose 15*f = a*f - 15. Determine s(f).
-2
Let h(x) = -2 + 4 - 5*x - 2*x**2 - 2 + 3. Let s be h(-4). Let r(n) = -n - 4. Calculate r(s).
5
Let f(o) = -888*o - 886*o - 8 + 32 + 1775*o. Determine f(-13).
11
Let o be (84/(-15))/(4/(-50)). Let u = o + -65. Let f(q) = -q**2 + 6*q - 1. Give f(u).
4
Let h be 6/3 + 4/2. Let j(u) = -9 + u - h*u - 3*u + 5*u. Suppose 2*d + d + 20 = -i, -52 = 4*i + 5*d. Give j(i).
-1
Let k = -28 + 13. Let t be (7/(-3))/(5/k). Let g(b) = -b - 4. Determine g(t).
-11
Let l = 251 - 250. Let g(m) = -4*m + 1. Give g(l).
-3
Let l = -119 + 121. Let x(g) = 8*g**2 - 1 - 2*g**3 + 2*g**2 + g - 8*g**2. Give x(l).
-7
Let t(v) be the second derivative of -5*v**3/6 + 9*v**2/2 + 19*v - 5. Determine t(6).
-21
Let m be (2 - 1)/((-2)/(-10)). Suppose 0 = -3*z + m + 10. Let w(t) = t**3 - 5*t**2 + t - 1. Calculate w(z).
4
Suppose -125 = -5*z - 45. Let u = z - 31. Let c = 11 + u. Let b(p) = p**3 + 6*p**2 + 6*p + 4. What is b(c)?
12
Suppose 0 = -4*o - 4, 5*t + 0*t + 2*o = -2. Suppose 2*m - 5*m + 6 = t. Let a(u) = 6 - 5*u + 0*u - u**m + 2*u - 2. Give a(-4).
0
Let x(h) = -30*h**2 - h - 2*h - 3*h + 5*h + h**3 + 12 + 40*h**2. Determine x(-10).
22
Suppose 0 = 3*x - 2*z - 6, 12 = 2*x - 4*z - 0*z. Let u(w) = 3*w + 35. Let y be u(-11). Let g(d) = -d**2 + x*d**2 - 4 + y - 9*d - 5. Determine g(-5).
13
Let w(g) = -g**2 - 7*g - 1. Let i be w(-5). Let x be ((-3)/i)/(1/(-39)). Let p = 12 - x. Let d(q) = -8*q**2 - q. What is d(p)?
-7
Let o(k) = k**2 - 7*k + 11. Suppose -2*p + 110 = 2*s + 100, -20 = -4*p - 3*s. What is o(p)?
1
Suppose t - 3 = -2*t. Let m(u) = 6*u**2 + 1. Give m(t).
7
Let m(x) = 3 - 6*x - x**2 + 0*x**2 + 2*x**2. Let j be ((-88)/(-143))/(45/39 + -1). Calculate m(j).
-5
Let n(l) be the third derivative of -l**6/120 + l**5/15 - l**4/8 + 2*l**3/3 + l**2. Let v be ((-4)/(-6))/(0 - (-8)/396). Let w = 36 - v. Calculate n(w).
4
Let i = -83 + 499/6. Let g(p) be the third derivative of 1/6*p**3 + 0 + 0*p + i*p**4 - 3*p**2. Give g(-1).
-3
Let t(b) be the first derivative of 1/2*b**2 - 2*b - 2. Let f be (-6)/(-1) + (-2)/(-2). Determine t(f).
5
Let d(a) = -a**2 - 55*a + 107. Let r be d(-57). Let x(f) be the first derivative of f**4/4 + 7*f**3/3 + 1. Calculate x(r).
0
Suppose -11*g + 2*g = 9. Let m(i) = -52*i**3. Calculate m(g).
52
Let v(w) = -10*w + 24. Let d(z) = 2*z - 5. Let i(r) = 14*d(r) + 3*v(r). Let a = 46 - 9. Let q = 40 - a. Give i(q).
-4
Let h(b) = 6*b**2 - 3*b. Let q = 99 + -97. What is h(q)?
18
Let i(v) = 5*v - 1. Let z be ((-19)/4 - -2) + (-6)/(-8). Calculate i(z).
-11
Let f(w) = -w + 7. Suppose 3*h - 10 = -2*h. Let k(d) = -d + 7. Let s(q) = h*f(q) - 3*k(q). Let t = -8 + 13. Determine s(t).
-2
Let i(f) be the third derivative of -f**5/60 + f**4/24 - f**2. Suppose 0 = -0*n - 2*n - 4*o, -3*o = -0*o. Calculate i(n).
0
Let c be (5 + (-7 - -3))*33. Let b(t) = t - 10*t**3 - 32*t**2 + c*t**2 + 0*t. Determine b(-1).
10
Let f(j) be the first derivative of j**7/840 - j**6/60 + j**5/30 - 14*j**3/3 + 12. Let x(y) be the third derivative of f(y). Calculate x(5).
-5
Let u(w) = 26*w**3 - 3*w + 15*w**3 - 42*w**3 - 4*w**2 + 3. Suppose -30 = -7*f + 2*f. Let y be 4/f + 22/(-6). Give u(y).
3
Let f(n) be the third derivative of -n**5/60 + n**4/24 + n**3/6 + 6*n**2 - 5. Give f(-1).
-1
Let i(l) = 8*l**3 - l**2 - 2*l - 1. Let v(z) = -z**3 + 5*z**2 + 2*z + 23. Let w be v(6). What is i(w)?
-8
Let m(o) = o**2 - 49*o + 549. Let z be m(32). Let w(h) = 3*h**3 - 4*h**2 + h - 2. Let a(t) = t**3 + t**2 - 1. Let r(b) = 2*a(b) - w(b). What is r(z)?
20
Let w = 41 + -21. Suppose -3 = 4*l - z - 17, -2*z = 4*l - w. Let f(b) = -3*b**3 + l*b**3 - 5*b**2 - 2 - 4*b + 7*b. Calculate f(2).
-8
Let v(b) = -13*b. Let j(s) = 11*s. Let q(t) = -6*j(t) - 5*v(t). Let w(i) = 3*i + 1. Let r = -2 + 3. Let z(d) = r*w(d) + 6*q(d). Give z(-6).
19
Let d(s) = -s**3 - 2*s**2 + 5*s + 2. Suppose -x - 12 = 3*x. Let u = -7 - 3. Let p be 2 + x/(-6)*u. Calculate d(p).
-4
Let j = -832 + 838. Let n(p) = -3*p**3 - 11*p**2 + p - 2. Let y(l) = -7*l**3 - 23*l**2 + l - 5. Let q(u) = 9*n(u) - 4*y(u). Determine q(j).
-4
Let u(z) = -5*z - 2 - 4 - 2 - 2*z - z**2. Calculate u(-7).
-8
Let p(k) = 5*k + 3. Let y(l) = -l**3 - 4*l**2 + 6*l + 3. Let g(f) = f**3 + f**2 - 2*f + 7. Let d be g(-3). Let h be y(d). Calculate p(h).
-7
Let p(j) = j**2 - 3. Suppose 3*c - 47 = 103. Let v = 54 - c. Calculate p(v).
13
Let i(b) = -b**2 + b**2 + b**2. Let y(h) be the first derivative of -7*h**3/3 + h**2/2 + 18. Let d(j) = -4*i(j) - y(j). What is d(-1)?
4
Let u(b) be the third derivative of b**6/120 - b**5/60 - 7*b**3/6 - 10*b**2 - 1. Suppose 4*g = 3*g. Determine u(g).
-7
Let v be 24/28*28/8. Suppose -15 + v = 3*d. Let x(t) = -6 + 3*t + 3*t - 4*t - 5*t. What is x(d)?
6
Let m(u) = -u**3 - 4*u + 0*u**2 - 1325 + 1323 - u - 4*u**2. What is m(-3)?
4
Let y(i) = i**2 - 4*i - 7. Let l = -26 + 17. Let z be (-18)/81 - (-52)/l. Let d(x) = -x**2 - 6*x + 5. Let m be d(z). Determine y(m).
-2
Let c(n) = 5*n + 2. Let y be c(-2). Let x(v) be the second derivative of -v**4/12 - 5*v**3/3 - 6*v**2 - 237*v. Let i be x(y). Let d(b) = -b + 6. Calculate d(i).
2
Suppose 6*f - 11 = 31. Let b(d) = -4291 + 4291 - d**2 - f*d**3. What is b(1)?
-8
Let q(g) = 6*g - 5. Let o be q(0). Let w(p) = 5*p + 2. What is w(o)?
-23
Let c be 4/(-6)*(-2 + -1). Let y be (-1)/(-2) + 9/c. Let o(k) = 3*k + 2*k - 8*k**2 + 5619 + 7*k**2 - 5616 + 0*k. Give o(y).
3
Let y = -70 + 84. Let c(t) = 2*t - 22. Let h be c(y). Let k(g) = g**3 - 5*g**2 - 4*g - 6. Calculate k(h).
6
Suppose 4*u = -u + 25. Suppose -8*i = -u*i + 15. Let n = -10 - i. Let h(r) = -3*r - 7. Give h(n).
8
Suppose -4*f - 43 = 5*t, 0 = t - 3*t - 3*f - 13. Let u(o) = -2*o + 1. Let d(l) = -l**2 - 9*l + 4. Let n(j) = t*u(j) + 2*d(j). Suppose r + 4 = 7. Give n